h) = 2*h**3 - 34*h**2 - h + 29. Let t = 324 + -307. Calculate d(t).
12
Let o(a) = a**2 - 1. Let z(r) = -2*r**2 + 3*r + 7. Let p(k) = -3*o(k) - z(k). Let m be -3 + (2/(-2) - 18/18). What is p(m)?
-14
Let n = -1937 - -1934. Let u(m) = -33*m - 2. Determine u(n).
97
Let b(y) be the first derivative of y**4/4 - y**3 - 2*y**2 - 2*y + 1. Let q = 310 - 460. Let r = 154 + q. What is b(r)?
-2
Let w = -52 + 50. Let n(k) be the first derivative of 3/2*k**2 + k**3 + 34 + 0*k. Give n(w).
6
Let u(z) be the first derivative of -z + 8506*z**2 + 39 + 62 - 8505*z**2. Determine u(3).
5
Let d(q) = 3*q**2 - 111*q - 111. Let y be d(38). Let o(j) be the third derivative of 0*j + 6*j**2 - j**y + 1/6*j**4 + 0. Give o(5).
14
Let d(f) be the third derivative of -f**6/720 + f**5/24 + 9*f**4/8 - f**3/6 - 20*f**2 + 2. Let y(n) be the second derivative of d(n). Determine y(5).
0
Let c(p) = 2*p**3 + 3*p**2 - 2*p + 1. Suppose 11*o - 13*o + d - 399 = 0, 5*o + 4*d + 1017 = 0. Let r = o + 198. Determine c(r).
-20
Let w be (-30)/8 - 3/12. Let s be ((-52)/(-16) - 3)/((-1)/w). Suppose -2*l + 4*r - 8 = -0*l, s = -l + 5*r. Let m(d) = -d**2 - 9*d - 1. Determine m(l).
17
Let t(s) = s**2 - 4*s + 2. Suppose -2*q - 5*x + 2*x + 831 = 0, -2*x + 1249 = 3*q. Let a = q - 414. Give t(a).
-1
Let o be (-2)/4*(-5 + 1). Let g(l) = -7*l + 20 - 39 + 14 + 8. Calculate g(o).
-11
Let n(z) = -z**3 - 3*z**2 + 1. Let j = -51 - -58. Let l be 68/(-119) - ((-4)/j + -2). Suppose 0*y + l*q = -5*y, y = q - 7. Determine n(y).
-3
Let n(t) = -5*t**3 - 16*t**2 - 2*t + 20. Let v(c) = 18*c**3 + 63*c**2 + 8*c - 79. Let k(a) = 11*n(a) + 3*v(a). Give k(13).
9
Let q(j) = j - 7. Let i(d) = 350*d + 8740. Let t be i(-25). Calculate q(t).
-17
Suppose 2*q = 14 - 0. Let i = -54 - -56. Let b(a) = -a**3 + 6*a**2 - i + 0 + 2 + 7*a. What is b(q)?
0
Let k = -194 + 191. Let l(m) be the second derivative of -m**3/3 - 3*m**2/2 + 895*m. Give l(k).
3
Let i = -232 + 257. Let u(b) = 7 + 21 - i + 5*b. Calculate u(-3).
-12
Suppose 21*a + 750 = 18*a. Let v = a + 258. Let d(p) = p**2 - 6*p + 7. Calculate d(v).
23
Let m(f) = -f**2 - 10*f + 3. Suppose 3*g = 21, -1133*y - 4*g = -1128*y - 3. Determine m(y).
28
Let l(h) = 3*h**3 + 5*h**2 + 5*h - 9. Let s(a) be the first derivative of -5*a**4/4 - 11*a**3/3 - 9*a**2/2 + 17*a - 30. Let i(v) = -7*l(v) - 4*s(v). Give i(9).
4
Suppose -32 = -4*v + 4*f, 5*f + 18 + 7 = 0. Let a(w) = -4*w**2 + 132 + 0*w**3 + w - 133 + w**v. Give a(4).
3
Let p(w) be the second derivative of w**3/6 + 9*w**2/2 + 397*w + 1. Give p(-16).
-7
Let g(i) = -6*i - 4. Let d(k) = -26*k - 43. Let l(h) = d(h) - 7*g(h). Give l(0).
-15
Let c(b) = -3*b + 1358. Let u(y) = -5*y + 3376. Let f(d) = -5*c(d) + 2*u(d). Let v be (-2)/((4/14)/(-1)). What is f(v)?
-3
Let u(c) be the second derivative of -7*c**4/6 + c. Let i be (-5)/((-100)/22) - -17*7/(-1190). What is u(i)?
-14
Let v(p) be the third derivative of 109*p**2 - 1/3*p**3 - 1/12*p**4 + 0 + 0*p. Give v(7).
-16
Let f(s) = 208*s - 4. Let j(z) = 41*z - 1. Let h(a) = f(a) - 5*j(a). Give h(-9).
-26
Let u(p) = -12*p + 34. Let s(w) = -9*w - 993. Let a be s(-110). Determine u(a).
70
Let z(u) be the second derivative of -u**7/2520 - 7*u**6/720 - u**5/20 + 8*u**4/3 + 16*u. Let c(r) be the third derivative of z(r). Determine c(-5).
4
Let n(g) be the second derivative of g**7/2520 + g**6/120 + g**5/60 - g**4/12 + 5*g**2 - 23*g. Let f(b) be the third derivative of n(b). Calculate f(-6).
2
Suppose -2512*j = -2523*j + 132. Let l(n) be the third derivative of -n**5/60 + 11*n**4/24 + 11*n**3/6 + 2*n**2. Calculate l(j).
-1
Suppose 0 = -15*o + 21*o - 6. Let y be ((-4)/3)/(-1)*3. Let w(h) = -h**3 + 4*h**3 + 0*h**2 - h**2 - y*h**3. Give w(o).
-2
Let k(b) be the second derivative of -b**7/2520 - b**6/180 + b**5/120 + 11*b**4/3 - b + 3. Let j(a) be the third derivative of k(a). Let s = -3 + 0. Give j(s).
4
Suppose 3*y = -3*a + 81, a + y = 2*y + 37. Suppose 5*q - a = -12. Let f(m) = m**2 - 7*m + 2. Give f(q).
-10
Let b(c) = 24 + 23*c + 7*c - 11*c + 51. Give b(-4).
-1
Suppose 5*p + 75*p = 474 + 166. Let w(s) = -4*s - 8. Let h(g) = -7*g - 17. Let b(u) = 3*h(u) - 5*w(u). Calculate b(p).
-19
Let f(l) = -3*l + 3*l + l - 2*l + 10. Let b be f(2). Let a(y) = -4*y + 1 + b*y + 3. Calculate a(-3).
-8
Let s = -5017 + 5010. Let d(z) = z - 1. Let c be d(4). Let n(f) = 5*f**2 + 7 + 7*f**2 + f**c + f - 5*f**2. Give n(s).
0
Let t(r) = r**3 + 3*r**2 + 12*r + 13. Let v(q) = -q**3 - 2*q**2 - 12*q - 13. Let s(m) = 4*t(m) + 5*v(m). Determine s(-1).
2
Suppose -122*v + 433 + 152 = -25. Let n(p) = 3*p - 15. Calculate n(v).
0
Let v(c) = 3 - 10 + 6493*c - 6490*c + 12. Let i = 1 - 1. Suppose i = -p + 6*p + 30. Determine v(p).
-13
Let z(b) be the third derivative of b**5/30 - 19*b**4/24 - 19*b**3/6 + b**2 - 32*b + 29. Determine z(10).
-9
Let p(m) = -11*m**2 - 2*m - 12. Let q(x) = 5*x**2 + 6. Let w(z) = 4*p(z) + 9*q(z). Calculate w(8).
6
Let i be 9 + (-162)/10 + 125/625. Let g(n) = -5 - n**3 + 7*n + 4 - 4 - 6*n**2. Determine g(i).
-5
Let w(k) = k**3 + k**2 + k - 2. Suppose -83 = -4*f - 8*a + 3*a, 2*f - 34 = -4*a. Suppose -93 = -4*v - 3*u, 5*v + 4*u = 45 + 70. Let r = v - f. Determine w(r).
-2
Let h(n) = -7*n**2 + 3*n - 2. Suppose 2*o + 2*c = 0, 0 = o + c - 4*c - 4. Let f(a) = -a**2 + 2*a. Let k(s) = o*h(s) - 6*f(s). Give k(-6).
16
Let d(n) = -n**2 + n + 1. Suppose 9 = -t - 2. Let w(h) = -10 - 16 + 19 - h. Let f be w(t). Give d(f).
-11
Let t(h) = 2*h**2 - 13*h - 4. Let l be (-665)/(-70)*(31 - (0 + 1)). Suppose -l + 297 = 2*s. Calculate t(s).
-10
Let h(c) = -63*c - 5292. Let x be h(-84). Let b(z) = 3*z - 9. Calculate b(x).
-9
Let u(m) be the second derivative of 1/12*m**4 + m**3 + 1/2*m**2 + 0 + 42*m. Let r(d) = d. Let t(w) = -3*r(w) + u(w). Determine t(-4).
5
Let y(x) be the third derivative of -x**4/4 - 19*x**3/6 - 665*x**2. Calculate y(-3).
-1
Let z = 2170 - 2180. Let i(n) = n**3 + 10*n**2 + 4*n - 9. Calculate i(z).
-49
Let s(z) = -3 + 13*z**2 - 7*z - 1 - 2 - 14*z**2. Let b be s(-4). Let g(p) = 11*p + 2 + p**2 - 3*p + b. What is g(-8)?
8
Let j(o) = -o**2 - 860733*o**3 + 9 + 2*o + 860732*o**3 - 8*o**2. Determine j(-9).
-9
Let y = 34 + -30. Let r(a) = -3*a**3 + 3*a**2 - 3*a - 4. Let o(p) = -7*p**3 + 5*p**2 - 5*p - 8. Let n = -21 + 19. Let x(g) = n*o(g) + 5*r(g). Give x(y).
-8
Let w = 64 + -42. Let u(f) = -28*f + 53*f - w*f + 32 - 15*f - f**2. Determine u(-14).
4
Let w = -25732 + 25704. Let h(v) = 3*v + 3. Calculate h(w).
-81
Let j(h) be the second derivative of 2 + 15/2*h**2 + 1/6*h**3 + 11/12*h**4 + 1/20*h**5 + 6*h. Let n(d) = -2*d + 7. Let x be n(9). What is j(x)?
4
Suppose 34*t - 5*v - 72 = 37*t, -3*t - 9 = -2*v. Let c(s) = 18*s + 150. Calculate c(t).
-12
Let n(y) = -y + 6. Let b be ((-14)/(-8))/(5/(-20)). Let o be 9/(-2 - 1) - b/1. Give n(o).
2
Let g(n) = n**3 - 6*n**2 + 2*n + 6. Suppose -s + 5*i = 18, 818*s - 3*i + 15 = 816*s. Give g(s).
-81
Suppose -3*z - 68 = 4*t, 19*z + 2*t + 18 = 18*z. Let c(g) = g**3 + 31*g**2 - 30*g + 60. What is c(z)?
-4
Let g(p) be the third derivative of -2*p**4/3 + 45*p**3/2 - 731*p**2. Calculate g(7).
23
Let r(q) = -4*q**2 + 2*q + 1. Let t(f) = 3*f**2 - 3*f - 2. Let s(h) = -2*r(h) - 3*t(h). Suppose -p - 3 - 10 = -2*o, o - 5 = 2*p. Calculate s(o).
-10
Suppose 5 = 2*r - 7. Let j(f) = -f**3 + 8*f**2 - 14*f + 6. Let c be j(r). Let v(l) = -4*l - 30. Let w be v(c). Let p(k) = -k**2 - 7*k - 8. Determine p(w).
-2
Let x(f) = -f**2 - 112*f - 1978. Let t be x(-90). Let j(i) = 6*i - 26. Calculate j(t).
-14
Let m be 3/(108/42 - 3). Let s be 265/(-30) - m/(-42). Let z(d) = d**2 + 6*d + 6. Calculate z(s).
33
Let c(m) = -m**3 + 2*m**2 + 8*m - 12. Let n = -9372 - -9375. Calculate c(n).
3
Let s(g) be the third derivative of g**6/120 - 7*g**5/60 + g**4/12 - 3*g**3/2 - 364*g**2. Calculate s(7).
5
Suppose 25*w + 13 = 22*w + 37. Let c(p) = -p**2 + 9*p + 2. Give c(w).
10
Let b(k) be the first derivative of 1/3*k**3 - 12*k - 3/2*k**2 - 43. Calculate b(6).
6
Suppose 8*w = 38 + 130. Suppose w + 9 = 5*m - 2*d, 0 = -d. Let s(c) = 3*c + 4. Give s(m).
22
Let b = 20 - 23. Let n(z) = -z**3 + z**2 + 2*z + 3. Let x(d) = -d**3 - 6 + 9 + 8*d + 2*d**2 - 6*d. Let j(q) = b*n(q) + 2*x(q). Give j(-2).
-3
Let x(j) = -2*j**2 + 8 + j**2 - 267367*j + 267370*j. Calculate x(7).
-20
Suppose -6 = 3*k - 3*u + 9, 0 = 4*k - 2*u + 14. Let x be ((-6)/4)/(1/k). Le